*y + 12 = -12. Calculate the highest common factor of 1 and y.
1
Let b = -714 + 733. Let t(s) = s**2 + s + 57. Let m be t(0). What is the highest common factor of b and m?
19
Suppose -s + 71 = 5*p - p, -5*s = 3*p - 32. Let x(q) = 2*q - 32. Let o be x(p). What is the greatest common factor of 6 and o?
6
Let i(h) = h. Let c(q) = 11*q + 5. Let j(s) = -c(s) - 4*i(s). Let r be j(-5). Calculate the highest common divisor of r and 28.
14
Let y be (16/(-10)*2)/(10/(-125)). Suppose -2*g + 3*c + 39 = 0, 7*c - 3*c - 12 = 0. Calculate the greatest common factor of y and g.
8
Let r(b) = -3*b + 28. Let l(t) = -t. Let g(c) = -5*l(c) + r(c). Let a be g(18). What is the greatest common divisor of 8 and a?
8
Let u be 1/((-3)/3)*-3. Suppose -2*y = y + u*n - 471, -y - 2*n = -153. What is the greatest common divisor of y and 23?
23
Let g = -60 - -237. What is the greatest common divisor of g and 3?
3
Let t(p) = -5*p - 24. Let o be t(0). Let y be (o/9)/(-4) - 14/(-6). What is the highest common factor of y and 3?
3
Suppose -3*v + 99 = 12*m - 15*m, -122 = -4*v - m. What is the highest common factor of v and 899?
31
Let p be (-6)/(((-54)/126)/(184/14)). What is the highest common divisor of p and 2484?
92
Let w be (-2)/(-9) + (-1072)/(-36). Let a be 4 + -2*w/(-3). Suppose -a = -r - 2*r. What is the highest common factor of 20 and r?
4
Let r = 103 - 104. Let h(m) = -63*m**3 - m**2 - 3*m - 2. Let w be h(r). What is the highest common divisor of w and 21?
21
Suppose -219*h - 19 = -220*h. What is the highest common factor of 19 and h?
19
Suppose -4*y + 0 = 3*b - 32, 3*b + 3*y - 27 = 0. Let x be 218/4 - (-2)/b. What is the greatest common factor of x and 5?
5
Let u(n) = -7*n**2 - 33*n + 16. Let q be u(-5). What is the greatest common factor of 894 and q?
6
Suppose -5*o = -i + 27, -4*o + o = -i + 29. What is the highest common divisor of i and 6?
2
Let h(v) = -3*v - 10. Let f be h(-6). Suppose 2*u = 3*g - f*g + 220, -109 = -2*g - 5*u. What is the greatest common factor of g and 14?
14
Suppose 0 = 2*f + 5*g + 4, -3*f - 11 = 5*g. Let i(j) = -j**3 - 7*j**2 - 12*j - 7. Let v be i(f). What is the highest common factor of 11 and v?
11
Let x = 216 + -111. Let b(o) = -o**3 + 6*o**2 - 2*o. Let r be b(5). What is the greatest common divisor of r and x?
15
Suppose -4*f - 10 = 2. Let j be f - -5 - -13*4. Let o(r) = 2*r**2 - 7*r + 3. Let u be o(5). Calculate the greatest common divisor of u and j.
18
Let r be 1 + (-2 - 1) + 5. Suppose 3*d - r*q - 9 = 21, -48 = -5*d + 4*q. Let l be -6*(0 + 68/(-12) - 1). What is the greatest common factor of d and l?
8
Let q(o) = -88*o + 625. Let r be q(-11). Calculate the greatest common factor of r and 27.
27
Let n(d) = d**2 - 4*d + 6. Let b be n(2). Let v(u) = 6*u**2 + 5*u - 3. Let j be v(b). What is the greatest common factor of 62 and j?
31
Let p be 28 + -4 + (-2 - 0). Suppose -3*y = 2*s - 206, 7*s = -5*y + 3*s + 346. Calculate the greatest common divisor of y and p.
22
Suppose 0 = -3*w - u + 173, -2*w + u = 8 - 115. Calculate the greatest common divisor of 8 and w.
8
Suppose -4*o = 2*z + 14, 12*z - 16*z - 13 = 5*o. Calculate the highest common factor of 570 and z.
3
Suppose 0 = -r - 3*x + 12, 0 = 5*r - r - 3*x - 48. Let l = r + -7. Calculate the greatest common factor of 2 and l.
1
Let i be (40 - 1) + 2 + -1. Let j = -40 + 80. Calculate the greatest common divisor of i and j.
40
Let b = 13 - 10. Suppose -11 = -b*x - 5*n, 8*x - n = 3*x + 37. Suppose x = 5*g - 8. What is the greatest common factor of 3 and g?
3
Let t = 1352 - 981. Calculate the greatest common divisor of 14 and t.
7
Let q = -885 - -891. Calculate the greatest common factor of 4 and q.
2
Let f(l) = 288*l**2 + 3. Let o be f(2). Suppose 0 = 4*p - 9*p + o. Calculate the highest common divisor of 33 and p.
33
Let t be (7 - -1)*10/8. Let s = 102 + t. Let d be 14 - 0/(2 + 2). What is the greatest common divisor of s and d?
14
Let q(s) = s**3 + 42*s**2 - 103*s + 66. Let z be q(-44). Calculate the greatest common divisor of 66 and z.
66
Suppose n = -2*t + 33, -5*t + 2*n = 15 - 84. Calculate the highest common factor of t and 100.
5
Suppose -2*i - 893 = -2*m + i, 0 = -5*m - 4*i + 2244. Calculate the greatest common factor of m and 16.
16
Let g be 12/(-4)*(-1 + 1 + -2). Suppose 0*m - m + 65 = 5*k, -2*k + 4*m = -48. Let p be (k/8)/((-1)/(-24)). What is the highest common factor of p and g?
6
Let c = 45 - 42. Suppose 4*p = -5*q + 128, -c*q + 2*p + 68 = -0*q. Calculate the highest common divisor of q and 16.
8
Let l be (-5)/(77/(-18) - -4). Calculate the greatest common factor of 252 and l.
18
Let f = -1671 - -1688. What is the highest common divisor of f and 323?
17
Let s be (-6)/12*(-8 + -8). Calculate the greatest common divisor of 4 and s.
4
Suppose -4*j + 662 = 194. Let y(w) = -w**2 + 25*w - 150. Let t be y(11). Suppose -t*p + j = -7. Calculate the highest common divisor of 155 and p.
31
Suppose -5*p + 2*q + 1963 = -393, -q - 473 = -p. Calculate the greatest common divisor of 141 and p.
47
Let f = 705 + -496. Suppose 5*n = 2*n - 5*z + 32, 3*n - 47 = -2*z. Calculate the greatest common divisor of n and f.
19
Let i = 16 + -13. Suppose t + i = 19. Suppose 0 = 4*a - 6*a + t. Calculate the highest common factor of a and 16.
8
Suppose 2*k - 767 = 3*o, 2*k - 4*o - 1064 = -298. Suppose 11 + k = 4*t. Suppose t + 63 = 3*m. Calculate the highest common divisor of 6 and m.
6
Let z be (4 - 0) + -1 + 2. Let y(i) = -2*i**2 - i**2 + 5 + 10 + 2*i**2. Let q be y(0). What is the greatest common factor of z and q?
5
Let a(m) = -2*m**3 + 2*m**2 + 10*m - 7. Let k be a(5). Let p be 6*1/2*-1 - k. What is the greatest common factor of 14 and p?
14
Let y = -10 - -12. Suppose -y*i - 140 = 2*i. Let o = i + 56. What is the greatest common divisor of o and 7?
7
Let i(t) = 6*t**2 + t + 7. Let j be i(3). Calculate the highest common factor of 192 and j.
64
Suppose -13*x = 11*x - 288. Let d be 2/8 - (-2345)/28. What is the greatest common factor of d and x?
12
Suppose 17*h = 20*h - 9. Suppose 0 = h*t - 9, 4*t = -4*s - t + 39. Let o(a) = a**3 + 3*a**2. Let w be o(3). What is the highest common factor of w and s?
6
Let m be 1447/5 - (-190)/(-475). What is the greatest common divisor of 51 and m?
17
Suppose 2*w + w - 19 = 5*k, -4*w + 14 = -k. Let s(t) = -13*t**3 - 3*t**2 - 3*t + 1. Let f be s(k). What is the greatest common factor of 11 and f?
11
Suppose -2*g + 2 = -r, -4*g + 0 = -3*r - 6. Suppose -6*a + a + 50 = g. Let u(c) = c + 110. Let j be u(0). What is the highest common divisor of j and a?
10
Let b = -80 - -249. Suppose 58*x - 637 = 9*x. What is the greatest common divisor of x and b?
13
Let g(p) = -p**3 + 13*p**2 - 13*p + 15. Let o = 32 - 20. Let k be g(o). Suppose 252 = k*x + x. What is the greatest common divisor of 7 and x?
7
Suppose -7*r + 4*r = -96. What is the highest common factor of 152 and r?
8
Let t be ((-334)/8)/((-27)/4 - -7). Let p = t + 352. What is the highest common divisor of p and 74?
37
Suppose -3*q - 5 = -4*k, 15*k - 10*k = -3*q + 40. Suppose -2*w = -6*w + 16. Suppose -p + 19 = w. What is the greatest common divisor of p and q?
5
Suppose -r - 2*r - 18 = 0. Let p be ((-6)/4)/(r/40). Let w(s) = -s**2 + 11*s + 4. Let z be w(p). What is the greatest common factor of z and 2?
2
Suppose 0 = t - 3 - 0. Let j be 27/(19/57 - (-2)/t). What is the greatest common divisor of 3 and j?
3
Suppose -6*p - 15 = -3*p. Let r = 17 + p. Let j = r + 112. What is the highest common divisor of j and 31?
31
Let k be (-3 - (-265)/10)/(1/14). What is the greatest common divisor of 7 and k?
7
Let u = -400 + 538. Calculate the greatest common divisor of 759 and u.
69
Suppose -23 = -5*x - 4*p + 117, -2*x = p - 56. Let i(k) = 2*k**2 - 5*k - 18. Let f be i(8). What is the greatest common factor of f and x?
14
Let k be (-1 - -2 - 16) + -3. Let m be ((-8)/(-10))/(k/(-225)). Let r = 68 - 38. What is the greatest common factor of m and r?
10
Suppose -80*a + 858 = -67*a. What is the highest common factor of a and 176?
22
Let b(n) = 13*n + 1. Let r(o) = 7*o + 5 - 5 + 0 + 1. Let g(x) = 2*b(x) - 5*r(x). Let z be g(-3). Calculate the greatest common factor of 12 and z.
12
Let x(a) = a**3 + 9*a**2 - 11*a - 8. Let u be x(-10). Let g = 52 + -46. Calculate the highest common divisor of g and u.
2
Let m = -556 - -899. What is the highest co